 2a (base 14) to base 8.
46
0 (base 7) to base 14
0
2 (base 9) to base 10
2
7 (base 11) to base 3
21
What is 8 (base 9) in base 3?
22
0 (base 4) to base 6
0
Convert 30 (base 4) to base 16.
c
Convert 3 (base 12) to base 15.
3
Convert -1214 (base 6) to base 5.
-2143
Convert -74 (base 9) to base 5.
-232
-1 (base 6) to base 8
-1
What is -95 (base 11) in base 9?
-125
2b6 (base 12) to base 10
426
-6 (base 7) to base 6
-10
What is -1 (base 15) in base 3?
-1
Convert -3 (base 12) to base 3.
-10
-15 (base 9) to base 10
-14
Convert 1e (base 15) to base 11.
27
Convert -55 (base 10) to base 2.
-110111
What is 1022 (base 3) in base 6?
55
22 (base 4) to base 3
101
0 (base 9) to base 7
0
Convert -4 (base 9) to base 3.
-11
140 (base 7) to base 5
302
What is 4 (base 13) in base 9?
4
Convert 0 (base 9) to base 3.
0
Convert 127 (base 11) to base 7.
303
11 (base 4) to base 11
5
Convert 2 (base 6) to base 5.
2
-10 (base 15) to base 14
-11
Convert 202 (base 6) to base 7.
134
What is 9 (base 10) in base 14?
9
What is -6 (base 8) in base 16?
-6
Convert -2 (base 12) to base 9.
-2
61 (base 14) to base 9
104
1d (base 16) to base 5
104
-30 (base 4) to base 3
-110
Convert 3 (base 4) to base 11.
3
What is 4 (base 10) in base 11?
4
Convert -64 (base 15) to base 11.
-86
6 (base 7) to base 15
6
-6 (base 13) to base 15
-6
-5 (base 7) to base 13
-5
What is 132 (base 4) in base 12?
26
What is -60 (base 9) in base 10?
-54
What is 1 (base 11) in base 2?
1
Convert 3 (base 8) to base 4.
3
Convert 100 (base 2) to base 4.
10
What is 101 (base 15) in base 9?
271
Convert -3121 (base 4) to base 8.
-331
Convert 21 (base 15) to base 9.
34
Convert 32 (base 8) to base 3.
222
Convert 10 (base 2) to base 7.
2
-1 (base 3) to base 11
-1
-b0 (base 13) to base 5
-1033
What is -10 (base 14) in base 5?
-24
Convert -4 (base 10) to base 15.
-4
Convert -c (base 15) to base 4.
-30
Convert a (base 16) to base 7.
13
Convert 2 (base 7) to base 15.
2
Convert -54 (base 6) to base 14.
-26
What is -1c (base 16) in base 3?
-1001
1010 (base 2) to base 11
a
What is 0 (base 3) in base 5?
0
-2 (base 14) to base 13
-2
What is -110 (base 2) in base 13?
-6
What is -3 (base 16) in base 4?
-3
416 (base 9) to base 8
523
Convert -b (base 16) to base 11.
-10
-101010011 (base 2) to base 9
-416
-2 (base 4) to base 3
-2
-4 (base 13) to base 2
-100
1102 (base 3) to base 5
123
Convert 100 (base 2) to base 13.
4
What is -3 (base 16) in base 10?
-3
-2 (base 11) to base 14
-2
Convert 15 (base 9) to base 2.
1110
What is 60 (base 11) in base 2?
1000010
What is 2 (base 16) in base 2?
10
What is 11012 (base 3) in base 12?
95
Convert -2 (base 15) to base 8.
-2
Convert 7 (base 14) to base 5.
12
Convert -21 (base 9) to base 8.
-23
3 (base 14) to base 8
3
What is -20 (base 8) in base 7?
-22
What is -211 (base 3) in base 13?
-19
What is 1 (base 11) in base 9?
1
What is -2a (base 13) in base 11?
-33
What is a (base 14) in base 15?
a
-11101 (base 3) to base 11
-a8
Convert -4 (base 15) to base 13.
-4
Convert -1c (base 13) to base 14.
-1b
-4 (base 11) to base 14
-4
What is 36 (base 10) in base 9?
40
Convert -3 (base 9) to base 6.
-3
Convert -2 (base 11) to base 3.
-2
Convert -134 (base 5) to base 12.
-38
Convert -2 (base 4) to base 8.
-2
2 (base 12) to base 13
2
Convert -5 (base 10) to base 11.
-5
-1020 (base 3) to base 7
-45
1021 (base 4) to base 7
133
What is -42 (base 5) in base 13?
-19
1000 (base 2) to base 11
8
What is -4 (base 8) in base 10?
-4
42 (base 10) to base 8
52
-74 (base 9) to base 2
-1000011
Convert -26 (base 13) to base 8.
-40
10010011 (base 2) to base 7
300
What is 32 (base 14) in base 3?
1122
What is 4 (base 14) in base 3?
11
20 (base 15) to base 3
1010
Convert 1 (base 7) to base 3.
1
Convert -14 (base 10) to base 11.
-13
What is -2111 (base 5) in base 12?
-1b5
What is 250 (base 6) in base 3?
10210
-4 (base 13) to base 2
-100
5d (base 14) to base 9
102
What is -44 (base 12) in base 15?
-37
11 (base 11) to base 4
30
Convert -202 (base 3) to base 4.
-110
What is 8 (base 15) in base 7?
11
-7b (base 15) to base 6
-312
24 (base 9) to base 4
112
-22 (base 12) to base 16
-1a
Convert -1 (base 12) to base 2.
-1
What is 1 (base 5) in base 10?
1
4 (base 11) to base 15
4
What is 1 (base 2) in base 4?
1
What is 11 (base 4) in base 13?
5
What is -32 (base 10) in base 5?
-112
What is -29 (base 10) in base 2?
-11101
-6 (base 7) to base 8
-6
Convert 2 (base 16) to base 5.
2
What is 32 (base 8) in base 11?
24
Convert -1100 (base 3) to base 9.
-40
What is -243 (base 5) in base 13?
-58
What is -13 (base 15) in base 11?
-17
Convert -10 (base 13) to base 11.
-12
243 (base 8) to base 15
ad
What is -4 (base 7) in base 6?
-4
31 (base 4) to base 10
13
What is 0 (base 9) in base 10?
0
What is -43 (base 13) in base 3?
-2001
20 (base 11) to base 14
18
Convert 25 (base 10) to base 3.
221
Convert 23 (base 15) to base 3.
1020
1022 (base 3) to base 10
35
-10001100 (base 2) to base 16
-8c
-6 (base 16) to base 15
-6
Convert 132 (base 4) to base 6.
50
-11100 (base 2) to base 12
-24
Convert c5 (base 14) to base 15.
b8
Convert 17 (base 11) to base 2.
10010
What is 1111 (base 2) in base 8?
17
What is 50 (base 13) in base 8?
101
56 (base 11) to base 7
115
Convert -141 (base 13) to base 8.
-336
-2 (base 8) to base 2
-10
202 (base 6) to base 3
2202
Convert -2 (base 8) to base 5.
-2
Convert -7 (base 8) to base 12.
-7
-b (base 16) to base 2
-1011
Convert 41 (base 6) to base 8.
31
Convert -1 (base 15) to base 2.
-1
What is 0 (base 6) in base 16?
0
Convert -7 (base 16) to base 9.
-7
22 (base 7) to base 13
13
Convert -1 (base 16) to base 14.
-1
-9 (base 16) to base 5
-14
Convert -60 (base 10) to base 6.
-140
Convert -11122 (base 4) to base 10.
-346
12 (base 8) to base 14
a
13e (base 15) to base 12
1b8
Convert -3 (base 5) to base 2.
-11
7 (base 8) to base 16
7
What is 3 (base 13) in base 4?
3
30 (base 11) to base 3
1020
-3 (base 13) to base 14
-3
Convert -21021 (base 3) to base 2.
-11000100
What is 6 (base 16) in base 9?
6
0 (base 2) to base 13
0
0 (base 3) to base 16
0
-1122 (base 3) to base 10
-44
What is -18 (base 14) in base 12?
-1a
Convert -202 (base 3) to base 10.
-20
What is 1 (base 2) in base 10?
1
What is 5 (base 15) in base 13?
5
What is 11 (base 2) in base 9?
3
What is 11012 (base 3) in base 16?
71
-5 (base 9) to base 3
-12
-15 (base 15) to base 11
-19
Convert -2 (base 9) to base 2.
-10
-12 (base 6) to base 4
-20
What is 12 (base 4) in base 12?
6
Convert -4 (base 8) to base 6.
-4
What is 2 (base 8) in base 9?
2
Convert -4 (base 10) to base 5.
-4
-81 (base 10) to base 2
-1010001
-5 (base 13) to base 16
-5
Convert 110 (base 6) to base 9.
46
Convert -13 (base 7) to base 15.
-a
4 (base 11) to base 14
4
What is -15 (base 10) in base 2?
-1111
1 (base 2) to base 5
1
Convert 1 (base 12) to base 3.
1
What is 0 (base 4) in base 5?
0
-10 (base 4) to base 12
-4
-12 (base 14) to base 2
-10000
What is -40 (base 11) in base 2?
-101100
-12 (base 10) to base 2
-1100
6b (base 16) to base 9
128
What is -1 (base 15) in base 13?
-1
Convert -41 (base 6) to base 7.
-34
Convert -10102 (base 4) to base 2.
-100010010
Convert -1 (base 4) to base 7.
-1
What is -1 (base 13) in base 9?
-1
Convert -2102 (base 3) to base 4.
-1001
Convert -13 (base 8) to base 4.
-23
What is 1021 (base 3) in base 4?
202
What is -1 (base 3) in base 2?
-1
-20 (base 9) to base 6
-30
8 (base 9) to base 15
8
What is -3 (base 7) in base 6?
-3
100110001 (base 2) to base 13
1a6
What is 200 (base 3) in base 12?
16
What is -22 (base 11) in base 7?
-33
-5 (base 8) to base 4
-11
Convert -15 (base 9) to base 7.
-20
11 (base 13) to base 2
1110
What is -12 (base 6) in base 7?
-11
What is b (base 16) in base 14?
b
What is 3 (base 15) in base 11?
3
What is 100 (base 2) in base 9?
4
What is -6 (base 13) in base 7?
-6
What is -11001 (base 2) in base 12?
-21
What is -ec (base 15) in base 10?
-222
-167 (base 11) to base 10
-194
Convert 12 (base 8) to base 9.
11
-10 (base 4) to base 6
-4
What is 13 (base 11) in base 13?
11
Convert 25 (base 10) to base 14.
1b
-63 (base 13) to base 10
-81
1212 (base 3) to base 13
3b
What is 3 (base 7) in base 6?
3
12 (base 7) to base 15
9
Convert 3 (base 11) to base 2.
11
What is 5 (base 13) in base 3?
12
What is -40 (base 11) in base 5?
-134
9 (base 16) to base 10
9
What is 10100 (base 2) in base